675. What is y(-324)?
-117
Let o(v) = -357*v - 153420. Determine o(-430).
90
Let n(b) = 2*b**3 + 20*b**2 - 40*b - 315. Determine n(4).
-27
Let g(c) = c**3 + 66*c**2 + 711*c + 1259. Determine g(-53).
93
Let g(j) = -4*j**2 + 2685226*j - 13. What is g(0)?
-13
Let b(m) = -1296*m - 33503. Calculate b(-26).
193
Let r(i) = 922*i**3 - 5*i**2 + 906*i - 900. What is r(1)?
923
Let r(d) = -515792*d + 50547615. What is r(98)?
-1
Let o(w) = -w**3 + 164*w**2 - 31*w + 3070. Determine o(164).
-2014
Let q(n) = -n**3 - 24*n**2 + 1419*n + 31085. What is q(-21)?
-37
Let s(b) = -3*b**2 + 105*b + 62640. What is s(163)?
48
Let a(v) = 2*v**2 - 21666*v + 43322. Determine a(2).
-2
Let q(o) = 165*o + 9024. What is q(-50)?
774
Let m(c) = 439*c - 12505. Calculate m(32).
1543
Let g(w) = 2638*w - 1949459. Calculate g(739).
23
Let s(q) = -3*q**3 + 37*q**2 - 64*q - 15. Calculate s(10).
45
Let m(x) = -x**3 - 172*x**2 - 2633*x + 238. Give m(-155).
-72
Let y(w) = -146*w + 10056. Determine y(68).
128
Let k(l) = l**3 + 2057*l**2 + 24544*l + 83. Give k(-12).
35
Let q(n) = -571*n - 248383. Determine q(-435).
2
Let i(o) = -o**2 + 136423*o - 1636939. Determine i(12).
-7
Let n(i) = -68*i**2 - 50*i - 19. Give n(0).
-19
Let z(w) = -28*w**2 - 223*w - 14. What is z(-6)?
316
Let h(m) = 669*m + 54874. Give h(-82).
16
Let n(m) = -101*m - 4218. What is n(-44)?
226
Let m(w) = -17*w**3 - 122*w**2 - 32. What is m(0)?
-32
Let y(w) = 8*w**2 + 56*w - 68. What is y(-8)?
-4
Let d(l) = 86*l**2 - 23742*l + 1688. What is d(276)?
32
Let z(p) = 1162*p + 24491. Give z(-21).
89
Let p(v) = -19*v**3 - 91*v**2 - 211*v - 1076. Calculate p(-5).
79
Let k(o) = -55*o**2 - 101*o + 76. What is k(4)?
-1208
Let q(v) = -2*v**3 + 8*v**2 - 7*v - 3. Calculate q(-5).
482
Let t(z) = -219598*z - 1097958. Calculate t(-5).
32
Let p(j) = j**3 - 38*j**2 + 475*j - 11525. Determine p(34).
1
Let s(h) = -419*h - 24524. What is s(-60)?
616
Let j(c) = c**3 - 2*c**2 - 52*c - 651. Calculate j(-7).
-728
Let v(j) = -5*j**3 + 1178*j**2 - 5290*j - 5303. Calculate v(231).
10
Let w(b) = 2*b**3 + 170*b**2 - 15873*b - 1347429. Give w(-84).
15
Let u(j) = 4*j**2 - 1950*j + 13596. What is u(7)?
142
Let v(w) = 2*w**3 + 743*w**2 + 11033*w - 1057. Give v(-356).
11
Let b(i) = -i**3 + 114*i**2 - 147*i + 3851. What is b(113)?
9
Let c(w) = -1866*w + 16792. Give c(9).
-2
Let u(t) = 62*t**2 + 7228*t - 3057. Determine u(-117).
-15
Let t(x) = -7*x**3 - 1096*x**2 + 470*x + 92. What is t(-157)?
249
Let z(r) = -5963*r - 1932076. Give z(-324).
-64
Let o(i) = -85*i + 114. Give o(-7).
709
Let b(s) = -2*s**3 - 264*s**2 + 231*s - 4677. Determine b(-133).
-22
Let w(d) = -96*d**2 + 415*d + 1723. What is w(-4)?
-1473
Let s(d) = -9*d**3 + 4201*d**2 + 5149*d - 459. Determine s(468).
9
Let x(z) = -17*z**2 + 4396*z - 77415. What is x(19)?
-28
Let g(o) = 9*o**3 - 166*o**2 + 746*o + 19. Give g(8).
-29
Let q(u) = 993*u**2 - 20860*u + 6. Give q(21).
-141
Let d(x) = 291732*x + 9335432. Give d(-32).
8
Let m(p) = p**2 + 110*p + 1379. Calculate m(-83).
-862
Let l(i) = 1457*i**2 + 161722*i - 497. What is l(-111)?
58
Let i(o) = o**2 - 23404*o + 444522. Calculate i(19).
207
Let s(y) = 2081*y - 35344. What is s(17)?
33
Let p(a) = -109396*a - 1640944. Calculate p(-15).
-4
Let b(n) = n**3 + 10*n**2 - 6*n - 53. Determine b(6).
487
Let u(d) = d**3 + 172*d**2 + 32*d - 80275. Give u(-169).
0
Let b(i) = -i**2 + 25*i + 50. What is b(16)?
194
Let b(h) = -9*h**3 + 304*h**2 + 60*h + 165. Determine b(34).
-107
Let x(s) = 1469*s**2 - 8811*s - 1. Give x(6).
17
Let g(z) = -z**3 + 143*z**2 + 894*z + 471. Calculate g(149).
471
Let z(b) = 437*b - 48518. Give z(111).
-11
Let q(d) = -2242*d + 304897. Determine q(136).
-15
Let g(c) = 412*c**2 - 2740*c - 1. Determine g(7).
1007
Let i(l) = -l**3 - 114*l**2 + 1942*l - 83. Determine i(-129).
-986
Let j(g) = g**3 - 698*g**2 - 21096*g + 9451. Calculate j(727).
0
Let m(p) = -p**2 - 73*p + 61417. Give m(-287).
-1
Let v(y) = 137*y**2 - 802*y + 1066. Give v(2).
10
Let a(c) = -1941*c - 6056. Determine a(-3).
-233
Let j(a) = -a**3 - 383*a**2 - 1895*a - 1913. Calculate j(-378).
-23
Let m(f) = 615*f + 57183. Determine m(-93).
-12
Let u(m) = 114945*m + 5287469. What is u(-46)?
-1
Let j(l) = l**2 - 32277*l - 7607584. Determine j(-234).
-10
Let d(g) = -136764*g + 273535. Calculate d(2).
7
Let l(w) = -1254705*w - 21329984. Calculate l(-17).
1
Let r(y) = 4091*y + 65462. What is r(-16)?
6
Let i(y) = y**3 - 14*y**2 - 90*y + 379. Calculate i(21).
1576
Let l(w) = -28*w**2 + 289*w + 63. Calculate l(11).
-146
Let t(x) = 52*x**2 + 1917*x - 272. Determine t(-37).
-13
Let y(a) = -6148*a - 571770. Calculate y(-93).
-6
Let d(x) = -123*x**2 + 43551*x - 3185. Determine d(354).
1
Let m(y) = -y**2 + 1542*y - 23350. Determine m(15).
-445
Let i(v) = 14*v**3 - 15*v**2 - 56*v - 151. Determine i(-5).
-1996
Let b(u) = -u**3 + 264*u**2 - 7829*u + 22. Determine b(34).
-284
Let d(v) = -5*v**3 + 7*v**2 + 23*v - 15. Calculate d(-5).
670
Let s(k) = k**3 - 51*k**2 + 67*k - 831. Calculate s(50).
19
Let q(z) = -1550*z + 12435. Determine q(8).
35
Let f(m) = 8*m**3 + 788*m**2 - 400*m - 223. Calculate f(-99).
173
Let p(h) = -552*h + 14371. What is p(24)?
1123
Let z(q) = q**2 - 122618*q + 8455890. Give z(69).
9
Let u(c) = -9*c**2 + 2275*c + 516. Determine u(253).
10
Let j(k) = 355*k - 152611. Determine j(430).
39
Let a(d) = -53*d**2 + 2995*d + 1419. What is a(57)?
-63
Let t(j) = -2*j**3 + 130*j**2 + 182*j - 2890. Determine t(66).
410
Let i(p) = -p**2 - 19834*p + 99147. Determine i(5).
-48
Let w(y) = -29*y**3 - 9*y**2 + 2*y + 3. Give w(1).
-33
Let m(h) = 100*h**2 + 477*h - 95. What is m(-5)?
20
Let o(c) = 3695*c - 2113522. Give o(572).
18
Let w(f) = -3571*f - 185756. What is w(-52)?
-64
Let l(x) = -85*x**2 + 2619*x - 2129. Calculate l(30).
-59
Let k(z) = -11*z**3 + 1560*z**2 - 1269*z + 22. Give k(141).
22
Let t(u) = -9*u - 821. Calculate t(31).
-1100
Let i(t) = -3*t**3 + 166*t**2 - 61*t + 373. What is i(55)?
43
Let z(m) = -m**3 - 18*m**2 + 21*m - 30. What is z(-10)?
-1040
Let y(a) = a**3 - 9*a**2 - 45*a - 159. Calculate y(-3).
-132
Let t(y) = 627*y + 24705. Calculate t(-39).
252
Let f(r) = -104*r**2 - 712*r + 713. Calculate f(1).
-103
Let u(h) = 14*h**2 - 2487*h + 3705. What is u(176)?
-343
Let s(n) = -23533*n + 1764955. Calculate s(75).
-20
Let w(g) = -g**3 + 643*g**2 + 3231*g + 5826. Determine w(648).
-6
Let o(j) = -8*j**2 + 29*j - 101. Give o(16).
-1685
Let s(u) = -u**3 - 81*u**2 + 1358*u - 7895. Give s(-96).
-23
Let j(f) = 11*f**2 - 176*f - 76. Give j(17).
111
Let g(u) = -69*u**2 - 1171*u + 33. Calculate g(-17).
-1
Let f(w) = 10608*w - 84810. Give f(8).
54
Let s(t) = 2745*t - 2762. Give s(1).
-17
Let x(v) = -3*v**3 - 67*v**2 + 328*v + 163. What is x(5)?
-247
Let n(j) = -22*j**2 + 6651*j + 119423. Calculate n(-17).
-2
Let p(c) = 185565*c + 742267. What is p(-4)?
7
Let z(r) = r**3 + 38*r**2 - 106*r - 1510. Calculate z(-16).
5818
Let o(s) = s**3 - 15*s**2 + 1354*s - 13045. What is o(10)?
-5
Let z(a) = 4*a**2 + 1289*a - 24083. Determine z(19).
1852
Let k(p) = -540*p**2 + 1056*p + 33. Determine k(2).
-15
Let a(f) = -1833*f + 20786. What is a(12)?
-1210
Let r(b) = -35*b**2 - 7210*b + 532. Determine r(-206).
532
Let n(a) = 5*a**3 - 39*a**2 + 615*a - 4765. Give n(8).
219
Let t(n) = -47*n**2 - 410*n - 339. Give t(-7).
228
Let m(s) = -18*s**2 + 24534*s - 171685. Calculate m(7).
-829
Let j(c) = 26*c**3 + 193*c**2 + 143*c - 30. What is j(-6)?
444
Let z(r) = -3*r**3 - 296*r**2 - 251*r - 5217. Calculate z(-98).
173
Let f(g) = 4*g**2 - 196*g - 1647. Determine f(-9).
441
Let q(m) = -10*m**3 - 75*m**2 - 5*m - 10. Determine q(-7).
-220
Let d(c) = 116*c**3 + c**2 + 43*c + 81. Determine d(-2).
-929
Let r(w) = -40303*w - 114. Determine r(0).
-114
Let f(y) = 1387*y + 8915. Determine f(-5).
1980
Let g(q) = q**3 - 78*q**2 + 259*q - 2504. Calculate g(75).
46
Let h(u) = 5*u**3 + 33*u**2 + 4389*u + 26232. Determine h(-6).
6
Let x(u) = -u**3 - 5*u**2 + 78861*u + 551927. What is x(-7)?
-2
Let u(z) = 3*z**3 + 48*z**2 + 133*z - 35. Determine u(-14).
-721
Let s(m) = -m**3 - 35*m**2 + 34*m - 1060. Calculate s(-36).
-988
Let f(j) = 51*j + 409. What is f(-11)?
-152
Let q(u) = -97*u**2 - 14421*u - 14420. Determine q(-1).
-96
Let s(t) = 6476*t - 6229906. Give s(962).
6
Let l(s) = s**2 - 9059*s + 45285. Give l(5).
15
Let j(h) = -h**3 + 4*h